.
2, 3
Suppose 9 = -2*b + 51. List the prime factors of b.
3, 7
Let h(w) = -10*w + 33. What are the prime factors of h(-14)?
173
Let q be (0 - -6)/(4/6). Suppose -3*k + q = -12. List the prime factors of k.
7
Let i = -56 - -119. What are the prime factors of i?
3, 7
Let n = 19 - 25. List the prime factors of 4/(8/n) - -23.
2, 5
Let o(v) = 4*v + 2. List the prime factors of o(11).
2, 23
Let u be (0 + 34)*(-3)/(-6). Suppose 6 = -h + u. List the prime factors of h.
11
Let v = 10 - 10. Suppose 0 = 5*s - v - 180. What are the prime factors of s?
2, 3
Let p(i) = i**3 - i**2 - i + 31. What are the prime factors of p(0)?
31
Let v = 33 - 19. What are the prime factors of v?
2, 7
Let s(d) = -d**3 + 8*d**2 + 7*d + 1. What are the prime factors of s(8)?
3, 19
Let i(u) = -u**3 - 12*u**2 - 8*u + 15. Let m be i(-11). Let o = 5 - m. List the prime factors of o.
23
Let d(r) = 17*r - 1. Let z be d(3). Suppose 5*x - 2*l - z = 0, 3*l - 2*l = 3*x - 29. List the prime factors of x.
2
Let y(a) = -3*a - 2*a - 12 + 5. List the prime factors of y(-10).
43
Let p = 6 + -1. Suppose -p*u + 15 = -155. List the prime factors of u.
2, 17
List the prime factors of -11*4/((-12)/39).
11, 13
Let p(a) = -a**2 - 5*a + 5. Let h be p(-5). Suppose -145 = -h*q + r, -58 = -2*q + 3*r + r. What are the prime factors of q?
29
Suppose 0 = -3*n + 52 + 125. List the prime factors of n.
59
Suppose 3*f = 4*f + 2. What are the prime factors of 26*(3 + 5/f)?
13
Let l be (1 + -1)*(-2 - -3). Suppose l = d + 2*d - 27. List the prime factors of d.
3
Let g be 2 + (-1 - -1) + 0. List the prime factors of (-14)/(-6)*(g + 1).
7
Suppose 22 = 5*r - 3*o + 2*o, -2*r = 4*o. Suppose -j - q + r*q = -31, 4*q = -j - 4. What are the prime factors of j?
2
Let c(z) = -z**2 + 2*z - 1 - z**3 - 1 - 4 + 0. What are the prime factors of c(-4)?
2, 17
Let n(i) = -i**2 - 7*i + 7. Let r be n(-8). Let q(s) = s**2 - 2*s - 2. Let c be q(3). What are the prime factors of (c/3)/(r/(-39))?
13
Let r = 17 + -15. Suppose r*f - 5*f = -93. List the prime factors of f.
31
Suppose j + p = 2*j - 37, 5*j = -2*p + 157. Let r = -20 + j. Suppose -13 = -g + 5*o, -2*g + r = o - 2. What are the prime factors of g?
2
Suppose v = -2*t + 33, 5*v = -3*t + 115 + 29. List the prime factors of v.
3
Let p = -8 - -6. What are the prime factors of 5 - (p + 3 + -2)?
2, 3
Let h = -4 - -6. Suppose -a = h*a - 78. List the prime factors of a.
2, 13
Let o be (-4)/(-8)*(-1 - -31). Suppose 3*z + 0*w = 3*w + 15, -5*z + 3*w = -o. Suppose z*k = 4*k - 28. What are the prime factors of k?
7
Let j = -6 - -9. Suppose 0*m - j*b = 3*m - 69, 5*m - 4*b - 124 = 0. What are the prime factors of m?
2, 3
Suppose 0*k = 2*k - 6. Suppose -k*c - 5 = -23. What are the prime factors of c?
2, 3
Let z = 13 - 9. Suppose -4*c + z*b = 16 + 48, -23 = 2*c - 5*b. Let n = -11 - c. What are the prime factors of n?
2
Let m be (-44)/(1/(-3 - -2)). Suppose -5 = -3*j - 20, 2*j = 2*o - m. What are the prime factors of o?
17
Suppose 1257 + 311 = 8*v. List the prime factors of v.
2, 7
Let f(k) = 5*k**2 - k. Let q be f(1). Let a be 5 - ((-2)/6 + 50/15). Suppose -46 = -3*w - 5*i, 4*i - a*i - 38 = -q*w. What are the prime factors of w?
7
Suppose -k = -2*k + 6. Let m be k + -4*1/(-2). List the prime factors of (-3)/(2 - 5)*m.
2
Suppose -1 = -5*g + 2*l, 2*g = -0*g + 4*l + 10. Let a = 5 + -7. What are the prime factors of g - (a - (-2 - -8))?
7
Let q(a) = -a + 13. What are the prime factors of q(8)?
5
Let g(i) = -54*i**3 + i**2 - 2*i + 1. Let q be g(1). Let r = q + 82. What are the prime factors of r?
2, 7
Suppose -6*w + 172 = -4*w. List the prime factors of w.
2, 43
Let x(w) = w + 12. List the prime factors of x(0).
2, 3
Let g(f) = -f**3 - 5*f**2 - 4*f + 4. List the prime factors of g(-4).
2
Let c = 1 + 3. Let u = 6 - c. What are the prime factors of -1 + u*4/2?
3
Let g(q) = q**2 - q - 1. Let n be g(1). Let y(z) = 3*z + 3. Let d be y(-4). What are the prime factors of n - 4*d/6?
5
Let r(u) = u - 4 - 12*u - u**2 - 4*u - 7. List the prime factors of r(-8).
3, 5
Let i(y) = 3*y**2 - 4*y + 1. What are the prime factors of i(5)?
2, 7
Suppose -s = -2*s + 47. List the prime factors of s.
47
Suppose -7 = -5*u + 3*n, -2*u = -6*u + 5*n + 3. Let q(g) = 1 - u + 2 - 8*g - g**2. What are the prime factors of q(-6)?
13
Let k(a) = a + 8. Let p be k(-6). Let z(l) = -2 - 5 + 2 + l**p - 3*l - 1. List the prime factors of z(6).
2, 3
Suppose -3*q - 94 = -244. Suppose -y - y + q = 0. What are the prime factors of y?
5
Let v = 26 + -5. Let c = v + -13. What are the prime factors of c?
2
Let a = 86 + -25. What are the prime factors of a?
61
Suppose -3*p = -p. Suppose p = -2*t + l - 1, -3*l = -3*t - 0 + 3. What are the prime factors of ((-6)/t - -11) + 0?
2, 7
Suppose -6*w = -w. Suppose 0*x - 3*x + 45 = w. List the prime factors of x.
3, 5
Suppose -3*y - 3*q + 18 = 0, 4*q - 1 = 3. Suppose -x = -9 + y. List the prime factors of x.
2
Let s(g) = g**2 - g - 7. Let w be (-2)/3 + 66/18. Let t(j) = 3*j - 4. Let n be t(w). What are the prime factors of s(n)?
13
Let k(u) = u**3 - 6*u**2 + 3*u - 9. Suppose m + 5*y + 14 = 0, -m - 4*y + 2 = 12. What are the prime factors of k(m)?
3
Suppose -w = 2*q - 6*q - 20, 0 = 3*w + 2*q - 4. Suppose -4*d + 16 = w*j, 4*d - 2*d + 4*j - 14 = 0. What are the prime factors of 10 - d/((-1)/1)?
11
Let o be 65*2*4/8. Suppose -o = 2*q - 7*q. What are the prime factors of q?
13
Let r(s) = 2*s**3 - 7*s**2 - s + 1. What are the prime factors of r(5)?
71
Let x(r) = -r**2 + r + 1. Let v be x(4). Suppose u - 8 = 12. Let z = u + v. What are the prime factors of z?
3
Suppose -2*k - 105 = 3*k. Let x = k + 30. List the prime factors of x.
3
Suppose -n + 2 = 0, w + 0*w + 4 = -n. Let r = 13 + w. List the prime factors of r.
7
Suppose -6*t = -4*t - u, -5*u = 0. Suppose -f - 3*f = t. Suppose 12 = -f*o + o. What are the prime factors of o?
2, 3
What are the prime factors of -12 - -16 - (1 - 203)?
2, 103
Suppose 4*i - 214 = -3*y + 98, 0 = -2*i - 3*y + 162. List the prime factors of i.
3, 5
Let j = -19 + 86. Suppose 3*z + 7*l - 2*l - j = 0, 5*z - 90 = -4*l. What are the prime factors of z?
2, 7
Let v(h) = 0 + 4*h + 1 + 12*h. Let u be v(1). Suppose w = 4*x - u - 35, 0 = -5*w. What are the prime factors of x?
13
Suppose 0 = -3*m + 8 + 4. Let z(p) = p**2 + 0*p - 3*p + 8 - m*p. List the prime factors of z(7).
2
Suppose 2*b - 201 = 13. What are the prime factors of b?
107
Suppose 0*q + 4*q + c = -12, 4*q + 20 = -3*c. Let o be q/8 + (-39)/(-12). List the prime factors of ((-3)/4)/(o/(-72)).
2, 3
Suppose y + 3*y + 20 = 0, y + 7 = -2*i. Let j be (1/(-1))/(i - -2). List the prime factors of (j/2)/(1/(-10)).
5
Let q = -19 + 32. What are the prime factors of q?
13
What are the prime factors of (-2 - 0) + (-2 - -223)?
3, 73
Let x be ((-15)/(-6))/(1/(-2)). Let j(s) be the first derivative of s**3/3 + 3*s**2/2 - 3*s - 3. List the prime factors of j(x).
7
Let k(i) = i**3 - 11*i**2 + 13*i - 2. List the prime factors of k(10).
2, 7
Suppose -3*w + i - 25 = -6*w, 3*i = 12. Let l = 32 - w. What are the prime factors of l?
5
Suppose -j - 5 = 0, -2*j - j - 15 = -5*l. Suppose -u = -l*u + 1. Let t = 10 - u. List the prime factors of t.
11
Let o be (2/(-6))/(2/(-78)). Suppose n = 4*l - 11, -3*n - o = -5*l + 3*l. List the prime factors of l.
2
Let m = 23 - 15. Suppose 4*t - 3*t - m = 0. List the prime factors of t.
2
Let y = -10 - -10. Let r be 5/1 - (0 + 2). Let o = r + y. List the prime factors of o.
3
Let v(d) = d**3 - d**2 + 34. What are the prime factors of v(0)?
2, 17
Suppose 4*c + 0 = 4. Let j be ((-20)/12)/(c/9). Let u = j + 26. List the prime factors of u.
11
Suppose 0 = 4*a - a - 12. Suppose 1 = -a*k - f + 74, 4*f = -4*k + 64. List the prime factors of k.
19
Let g(s) = s**3 - 3*s**2 - 2*s - 1. Let c be g(3). Let t(w) = -5 - w**2 - 1 - 9*w + 0*w**2. List the prime factors of t(c).
2
Suppose -3*t - z + 2*z = -15, -3*t + 15 = -2*z. Suppose t*b = b + 24. List the prime factors of b.
2, 3
Suppose 2*v + 5*p - 502 = -v, 0 = -2*v - 4*p + 334. List the prime factors of v.
13
Let i = 267 - 172. Let u = i - 62. List the prime factors of u.
3, 11
Suppose 0 = -4*t + 135 - 3. List the prime factors of t.
3, 11
List the prime factors of (-28)/(-7) + (0 - -31).
5, 7
Let b = -7 - 23. List the prime factors of b/(-8) - (-3)/(-4).
3
Suppose 0 = -5*u + 5*d + 55